{"id":633,"date":"2021-01-26T12:54:15","date_gmt":"2021-01-26T12:54:15","guid":{"rendered":"https:\/\/abschied-aufbruch.de\/?page_id=633"},"modified":"2021-01-26T13:23:56","modified_gmt":"2021-01-26T13:23:56","slug":"foto-hoerbuch-projekt81-szenen-zum-weiterleben","status":"publish","type":"page","link":"https:\/\/abschied-aufbruch.de\/?page_id=633","title":{"rendered":"Foto-H\u00f6rbuch-Projekt:81 Szenen zum Weiterleben"},"content":{"rendered":"\n<p>Die <em><span style=\"color:#141412\" class=\"tadv-color\">81 Szenen zum Weiterleben<\/span><\/em> sind meinem Vater gewidmet. Sein Tod 2011 &#8222;passte&#8220; \u00fcberhaupt nicht in mein Lebenskonzept: damals gab es zu viel Arbeit und zu viele Termine. Ich wickelte &#8222;alles&#8220; gesch\u00e4ftsm\u00e4ssig ab und gab mir keine wirkliche Zeit zum Trauern.<\/p>\n\n\n\n<p>Erst mit dem Dichter Rolf Stemmle, dem Fotografen Georg Schraml und dem Schauspielstudenten Maximilian Kraus (alle stammen aus Regensburg bzw. der Region) durfte ich zwei Jahre sp\u00e4ter meinen besonderen Weg des Abschieds gehen. Es entstanden in einer v\u00f6llig verr\u00fcckten Koproduktion die <em>81 Szenen zum Weiterleben<\/em>. \u00dcber ein Jahr hinweg jagte ich Fotomotive. Jedes sollte f\u00fcr eines von den 81 Gedichten stehen, die mir Rolf Stemmle gefertigt hatte. <\/p>\n\n\n\n<p>Urspr\u00fcnglich hatte ich ein Foto-Gedichtband geplant. Als mir dann aber per Zufall Maximilian Kraus mit seiner sonoren Stimme \u00fcber den Weg lief, stand fest: Es durfte kein analoges, sondern musste ein digitales Fotobuch werden- alles andere w\u00e4re unpassend gewesen. Georg Schraml f\u00fchrte mich in die Kunst des Fotografierens ein- und er gab dem Gesamtwerk den passenden Layout- Schliff.  <\/p>\n\n\n\n<p>Zum \u201eReinschnuppern\u201c stelle ich f\u00fcr Euch\/Sie eine Auswahl von\u00a0<em>81 Szenen zum Weiterleben <\/em>online, viel Spa\u00df beim Angucken.<\/p>\n\n\n\n<p>Die Websites<br><a rel=\"noreferrer noopener\" href=\"https:\/\/rolf-stemmle.de\" target=\"_blank\"><span style=\"color:#bc360a\" class=\"tadv-color\">https:\/\/rolf-stemmle.de<\/span><\/a><br><a rel=\"noreferrer noopener\" href=\"https:\/\/fotografieren-verbindet.de\" target=\"_blank\"><span style=\"color:#bc360a\" class=\"tadv-color\">https:\/\/fotografieren-verbindet.de<\/span><\/a><\/p>\n\n\n\n<div style=\"height:60px\" aria-hidden=\"true\" class=\"wp-block-spacer\"><\/div>\n\n\n\n<hr class=\"wp-block-separator has-text-color has-background has-dark-gray-background-color has-dark-gray-color is-style-default\"\/>\n\n\n\n<p><span style=\"color: #993300;\">Szene 1:\u00a0 &#8222;Du hast mir unendlich viel gegeben&#8220; aus dem Zyklus\u00a0 <em>Erinnern<\/em><\/span><\/p>\n\n\n\n<figure class=\"wp-block-video\"><video height=\"720\" style=\"aspect-ratio: 1280 \/ 720;\" width=\"1280\" controls src=\"https:\/\/abschied-aufbruch.de\/wp-content\/uploads\/2021\/01\/HB-Erinnern_Unendlich-viel-gegeben.mp4\"><\/video><\/figure>\n\n\n\n<div style=\"height:30px\" aria-hidden=\"true\" class=\"wp-block-spacer\"><\/div>\n\n\n\n<p><span style=\"color: #993300;\">Szene 2:&nbsp; &#8222;Warum muss ausgerechnet ich?&#8220; aus dem Zyklus&nbsp; <em>Erinnern<\/em><\/span><\/p>\n\n\n\n<figure class=\"wp-block-video\"><video height=\"720\" style=\"aspect-ratio: 1280 \/ 720;\" width=\"1280\" controls src=\"https:\/\/abschied-aufbruch.de\/wp-content\/uploads\/2021\/01\/HB-Erinnern_Warum-ich.mp4\"><\/video><\/figure>\n\n\n\n<div style=\"height:30px\" aria-hidden=\"true\" class=\"wp-block-spacer\"><\/div>\n\n\n\n<p><span style=\"color: #993300;\">Szene 3:\u00a0 &#8222;Eine Schulfreundin&#8220; aus dem Zyklus\u00a0 <em>Erinnern<\/em><\/span><\/p>\n\n\n\n<figure class=\"wp-block-video\"><video height=\"720\" style=\"aspect-ratio: 1280 \/ 720;\" width=\"1280\" controls src=\"https:\/\/abschied-aufbruch.de\/wp-content\/uploads\/2021\/01\/HB-Erinnern_Schulfreundin.mp4\"><\/video><\/figure>\n\n\n\n<div style=\"height:60px\" aria-hidden=\"true\" class=\"wp-block-spacer\"><\/div>\n\n\n\n<hr class=\"wp-block-separator has-text-color has-background has-dark-gray-background-color has-dark-gray-color is-style-default\"\/>\n\n\n\n<p><span style=\"color: #993300;\">Szene 4:\u00a0 &#8222;Wer die Wahl hat&#8230;&#8220; aus dem Zyklus\u00a0 <em>Leben<\/em><\/span><\/p>\n\n\n\n<figure class=\"wp-block-video\"><video height=\"720\" style=\"aspect-ratio: 1280 \/ 720;\" width=\"1280\" controls src=\"https:\/\/abschied-aufbruch.de\/wp-content\/uploads\/2021\/01\/HB-Leben_Wer-die-Wahl-hat.mp4\"><\/video><\/figure>\n\n\n\n<div style=\"height:33px\" aria-hidden=\"true\" class=\"wp-block-spacer\"><\/div>\n\n\n\n<p><span style=\"color: #993300;\">Szene 5:\u00a0 &#8222;Gef\u00fchlspumpe&#8220; aus dem Zyklus\u00a0 <em>Leben<\/em><\/span><\/p>\n\n\n\n<figure class=\"wp-block-video\"><video height=\"720\" style=\"aspect-ratio: 1280 \/ 720;\" width=\"1280\" controls src=\"https:\/\/abschied-aufbruch.de\/wp-content\/uploads\/2021\/01\/HB-Leben_Pumpe-abstellen.mp4\"><\/video><\/figure>\n\n\n\n<div style=\"height:30px\" aria-hidden=\"true\" class=\"wp-block-spacer\"><\/div>\n\n\n\n<p><span style=\"color: #993300;\">Szene 6:\u00a0 &#8222;Gute Laune in der B\u00e4ckerei&#8220; aus dem Zyklus\u00a0 <em>Leben<\/em><\/span><\/p>\n\n\n\n<figure class=\"wp-block-video\"><video height=\"720\" style=\"aspect-ratio: 1280 \/ 720;\" width=\"1280\" controls src=\"https:\/\/abschied-aufbruch.de\/wp-content\/uploads\/2021\/01\/HB-Leben_Gute-Laune-in-der-Ba\u0308ckerei.mp4\"><\/video><\/figure>\n\n\n\n<div style=\"height:60px\" aria-hidden=\"true\" class=\"wp-block-spacer\"><\/div>\n\n\n\n<hr class=\"wp-block-separator has-text-color has-background has-dark-gray-background-color has-dark-gray-color is-style-default\"\/>\n\n\n\n<p><span style=\"color: #993300;\">Szene 7:\u00a0 &#8222;Auf der B\u00fchne&#8220; aus dem Zyklus\u00a0 <em>Gestalten<\/em><\/span><\/p>\n\n\n\n<figure class=\"wp-block-video\"><video height=\"720\" style=\"aspect-ratio: 1280 \/ 720;\" width=\"1280\" controls src=\"https:\/\/abschied-aufbruch.de\/wp-content\/uploads\/2021\/01\/HB-Gestalten_Auf-der-Bu\u0308hne.mp4\"><\/video><\/figure>\n\n\n\n<div style=\"height:60px\" aria-hidden=\"true\" class=\"wp-block-spacer\"><\/div>\n\n\n\n<p><span style=\"color: #993300;\">Szene 8:\u00a0 &#8222;Ehrenamt&#8220; aus dem Zyklus\u00a0 <em>Gestalten<\/em><\/span><\/p>\n\n\n\n<figure class=\"wp-block-video\"><video height=\"720\" style=\"aspect-ratio: 1280 \/ 720;\" width=\"1280\" controls src=\"https:\/\/abschied-aufbruch.de\/wp-content\/uploads\/2021\/01\/HB-Gestalten_Ehrenamt.mp4\"><\/video><\/figure>\n\n\n\n<div style=\"height:60px\" aria-hidden=\"true\" class=\"wp-block-spacer\"><\/div>\n\n\n\n<p><span style=\"color: #993300;\">Szene 9:\u00a0 &#8222;S\u00fcdtirol&#8220; aus dem Zyklus\u00a0 <em>Gestalten<\/em><\/span><\/p>\n\n\n\n<figure class=\"wp-block-video\"><video height=\"720\" style=\"aspect-ratio: 1280 \/ 720;\" width=\"1280\" controls src=\"https:\/\/abschied-aufbruch.de\/wp-content\/uploads\/2021\/01\/HB-Gestalten_Su\u0308dtirol.mp4\"><\/video><\/figure>\n","protected":false},"excerpt":{"rendered":"<p>Die 81 Szenen zum Weiterleben sind meinem Vater gewidmet. Sein Tod 2011 &#8222;passte&#8220; \u00fcberhaupt nicht in mein Lebenskonzept: damals gab es zu viel Arbeit und zu viele Termine. Ich wickelte &#8222;alles&#8220; gesch\u00e4ftsm\u00e4ssig ab und gab mir keine wirkliche Zeit zum Trauern. Erst mit dem Dichter Rolf Stemmle, dem Fotografen Georg Schraml und dem Schauspielstudenten Maximilian &hellip; <a href=\"https:\/\/abschied-aufbruch.de\/?page_id=633\" class=\"more-link\"><span class=\"screen-reader-text\">Foto-H\u00f6rbuch-Projekt:81 Szenen zum Weiterleben<\/span> weiterlesen <span class=\"meta-nav\">&rarr;<\/span><\/a><\/p>\n","protected":false},"author":1,"featured_media":0,"parent":0,"menu_order":0,"comment_status":"closed","ping_status":"closed","template":"","meta":{"ngg_post_thumbnail":0,"footnotes":""},"class_list":["post-633","page","type-page","status-publish","hentry"],"_links":{"self":[{"href":"https:\/\/abschied-aufbruch.de\/index.php?rest_route=\/wp\/v2\/pages\/633","targetHints":{"allow":["GET"]}}],"collection":[{"href":"https:\/\/abschied-aufbruch.de\/index.php?rest_route=\/wp\/v2\/pages"}],"about":[{"href":"https:\/\/abschied-aufbruch.de\/index.php?rest_route=\/wp\/v2\/types\/page"}],"author":[{"embeddable":true,"href":"https:\/\/abschied-aufbruch.de\/index.php?rest_route=\/wp\/v2\/users\/1"}],"replies":[{"embeddable":true,"href":"https:\/\/abschied-aufbruch.de\/index.php?rest_route=%2Fwp%2Fv2%2Fcomments&post=633"}],"version-history":[{"count":10,"href":"https:\/\/abschied-aufbruch.de\/index.php?rest_route=\/wp\/v2\/pages\/633\/revisions"}],"predecessor-version":[{"id":652,"href":"https:\/\/abschied-aufbruch.de\/index.php?rest_route=\/wp\/v2\/pages\/633\/revisions\/652"}],"wp:attachment":[{"href":"https:\/\/abschied-aufbruch.de\/index.php?rest_route=%2Fwp%2Fv2%2Fmedia&parent=633"}],"curies":[{"name":"wp","href":"https:\/\/api.w.org\/{rel}","templated":true}]}}